{"id":39,"date":"2026-02-24T12:17:44","date_gmt":"2026-02-24T15:17:44","guid":{"rendered":"https:\/\/cart.teicdn.com\/?post_type=product&#038;p=39"},"modified":"2026-02-24T12:20:58","modified_gmt":"2026-02-24T15:20:58","slug":"fichero-anviz-ep300pro","status":"publish","type":"product","link":"https:\/\/cart.teicdn.com\/index.php\/product\/fichero-anviz-ep300pro\/","title":{"rendered":"Fichero Anviz EP300Pro"},"content":{"rendered":"<p>Usado 2 a\u00f1os. Excelente Estado.<\/p>\n<p>&nbsp;<\/p>\n<p>El Control de Asistencia por Huella Anviz EP300 PRO es una soluci\u00f3n eficiente y segura para el registro de asistencia en tu empresa. Este dispositivo de alta tecnolog\u00eda utiliza la identificaci\u00f3n por huella digital, proporcionando un m\u00e9todo de verificaci\u00f3n r\u00e1pido y preciso, eliminando la posibilidad de fraudes o suplantaciones. La marca Anviz es reconocida por su calidad y durabilidad, y este modelo no es la excepci\u00f3n. El EP300 PRO est\u00e1 dise\u00f1ado para resistir el uso diario en cualquier tipo de entorno laboral. Su pantalla integrada permite una f\u00e1cil interacci\u00f3n con el usuario, mostrando claramente la informaci\u00f3n relevante. Este dispositivo es f\u00e1cil de instalar y de usar. Su interfaz intuitiva hace que la configuraci\u00f3n y el manejo sean sencillos, incluso para aquellos sin experiencia previa en este tipo de tecnolog\u00eda. Adem\u00e1s, su dise\u00f1o compacto y moderno se adapta a cualquier espacio de trabajo, aportando un toque de profesionalismo. El Control de Asistencia por Huella Anviz EP300 PRO es una inversi\u00f3n inteligente para tu negocio. Mejora la eficiencia de tus procesos de registro de asistencia y aporta seguridad y confiabilidad a tu equipo de trabajo.<\/p>\n","protected":false},"excerpt":{"rendered":"<p>Usado 2 a\u00f1os. Excelente Estado. &nbsp; El Control de Asistencia por Huella Anviz EP300 PRO es una soluci\u00f3n eficiente y segura para el registro de asistencia en tu empresa. Este dispositivo de alta tecnolog\u00eda utiliza la identificaci\u00f3n por huella digital, proporcionando un m\u00e9todo de verificaci\u00f3n r\u00e1pido y preciso, eliminando la posibilidad de fraudes o suplantaciones. [&hellip;]<\/p>\n","protected":false},"featured_media":42,"template":"","meta":[],"product_brand":[],"product_cat":[19],"product_tag":[],"class_list":{"0":"post-39","1":"product","2":"type-product","3":"status-publish","4":"has-post-thumbnail","6":"product_cat-of","8":"first","9":"instock","10":"shipping-taxable","11":"purchasable","12":"product-type-simple"},"_links":{"self":[{"href":"https:\/\/cart.teicdn.com\/index.php\/wp-json\/wp\/v2\/product\/39","targetHints":{"allow":["GET"]}}],"collection":[{"href":"https:\/\/cart.teicdn.com\/index.php\/wp-json\/wp\/v2\/product"}],"about":[{"href":"https:\/\/cart.teicdn.com\/index.php\/wp-json\/wp\/v2\/types\/product"}],"wp:featuredmedia":[{"embeddable":true,"href":"https:\/\/cart.teicdn.com\/index.php\/wp-json\/wp\/v2\/media\/42"}],"wp:attachment":[{"href":"https:\/\/cart.teicdn.com\/index.php\/wp-json\/wp\/v2\/media?parent=39"}],"wp:term":[{"taxonomy":"product_brand","embeddable":true,"href":"https:\/\/cart.teicdn.com\/index.php\/wp-json\/wp\/v2\/product_brand?post=39"},{"taxonomy":"product_cat","embeddable":true,"href":"https:\/\/cart.teicdn.com\/index.php\/wp-json\/wp\/v2\/product_cat?post=39"},{"taxonomy":"product_tag","embeddable":true,"href":"https:\/\/cart.teicdn.com\/index.php\/wp-json\/wp\/v2\/product_tag?post=39"}],"curies":[{"name":"wp","href":"https:\/\/api.w.org\/{rel}","templated":true}]}}